{"id":395,"date":"2025-02-02T18:35:53","date_gmt":"2025-02-02T18:35:53","guid":{"rendered":"https:\/\/ttcustom.com\/?page_id=395"},"modified":"2025-05-08T08:53:44","modified_gmt":"2025-05-08T08:53:44","slug":"kapidan-muayene","status":"publish","type":"page","link":"https:\/\/ttcustom.com\/?page_id=395","title":{"rendered":"Kap\u0131dan Muayene"},"content":{"rendered":"\t\t<div data-elementor-type=\"wp-page\" data-elementor-id=\"395\" class=\"elementor elementor-395\" data-elementor-post-type=\"page\">\n\t\t\t\t<div class=\"elementor-element elementor-element-1406d00d e-flex e-con-boxed e-con e-parent\" data-id=\"1406d00d\" data-element_type=\"container\">\n\t\t\t\t\t<div class=\"e-con-inner\">\n\t\t\t\t<div class=\"elementor-element elementor-element-348cb13d elementor--h-position-center elementor--v-position-middle elementor-arrows-position-inside elementor-pagination-position-inside elementor-widget elementor-widget-slides\" data-id=\"348cb13d\" data-element_type=\"widget\" data-settings=\"{&quot;navigation&quot;:&quot;both&quot;,&quot;autoplay&quot;:&quot;yes&quot;,&quot;pause_on_hover&quot;:&quot;yes&quot;,&quot;pause_on_interaction&quot;:&quot;yes&quot;,&quot;autoplay_speed&quot;:5000,&quot;infinite&quot;:&quot;yes&quot;,&quot;transition&quot;:&quot;slide&quot;,&quot;transition_speed&quot;:500}\" data-widget_type=\"slides.default\">\n\t\t\t\t<div class=\"elementor-widget-container\">\n\t\t\t\t\t\t\t\t\t<div class=\"elementor-swiper\">\n\t\t\t\t\t<div class=\"elementor-slides-wrapper elementor-main-swiper swiper\" role=\"region\" aria-roledescription=\"carousel\" aria-label=\"Motorlar\" dir=\"ltr\" data-animation=\"fadeInUp\">\n\t\t\t\t<div class=\"swiper-wrapper elementor-slides\">\n\t\t\t\t\t\t\t\t\t\t<div class=\"elementor-repeater-item-e867c30 swiper-slide\" role=\"group\" aria-roledescription=\"slide\"><div class=\"swiper-slide-bg\" role=\"img\"><\/div><div class=\"swiper-slide-inner\" ><div class=\"swiper-slide-contents\"><h1 class=\"elementor-slide-heading\">Kap\u0131dan Muayene<\/h1><p class=\"elementor-slide-description\">Kap\u0131dan muayene ile motosikletinizi al\u0131yor, bak\u0131mlar\u0131n\u0131 yap\u0131p size teslim ediyoruz.<\/p><\/div><\/div><\/div>\t\t\t\t<\/div>\n\t\t\t\t\t\t\t<\/div>\n\t\t\t\t<\/div>\n\t\t\t\t\t\t\t\t<\/div>\n\t\t\t\t<\/div>\n\t\t\t\t\t<\/div>\n\t\t\t\t<\/div>\n\t\t<div class=\"elementor-element elementor-element-2fc6878e e-flex e-con-boxed e-con e-parent\" data-id=\"2fc6878e\" data-element_type=\"container\" data-settings=\"{&quot;background_background&quot;:&quot;classic&quot;}\">\n\t\t\t\t\t<div class=\"e-con-inner\">\n\t\t<div class=\"elementor-element elementor-element-1999cca e-con-full e-flex e-con e-child\" data-id=\"1999cca\" data-element_type=\"container\">\n\t\t\t\t<div class=\"elementor-element elementor-element-29864531 elementor-widget-tablet__width-auto elementor-widget elementor-widget-heading\" data-id=\"29864531\" data-element_type=\"widget\" data-widget_type=\"heading.default\">\n\t\t\t\t<div class=\"elementor-widget-container\">\n\t\t\t\t\t<h2 class=\"elementor-heading-title elementor-size-default\">Nedir?<\/h2>\t\t\t\t<\/div>\n\t\t\t\t<\/div>\n\t\t\t\t<div class=\"elementor-element elementor-element-5ae5b01 elementor-widget-tablet__width-initial elementor-widget elementor-widget-text-editor\" data-id=\"5ae5b01\" data-element_type=\"widget\" data-widget_type=\"text-editor.default\">\n\t\t\t\t<div class=\"elementor-widget-container\">\n\t\t\t\t\t\t\t\t\t<p>Motosikletinizin muayene s\u00fcrecini sizin i\u00e7in tamamen kolayla\u015ft\u0131ran bir hizmet olan Kap\u0131dan Muayene, hayat\u0131n\u0131z\u0131 kolayla\u015ft\u0131r\u0131r.Motorunuzu bulundu\u011funuz yerden al\u0131r, gerekli t\u00fcm muayene i\u015flemlerini tamamlar ve ard\u0131ndan g\u00fcvenle size geri teslim ederiz. Siz hi\u00e7 vakit kaybetmeden g\u00fcnl\u00fck i\u015flerinize devam ederken, biz motorunuzun yasal gerekliliklerini eksiksiz <a href=\"http:\/\/ttcustom.com\">yerine getiririz.<\/a><\/p>\t\t\t\t\t\t\t\t<\/div>\n\t\t\t\t<\/div>\n\t\t\t\t<div class=\"elementor-element elementor-element-dbc55e7 elementor-mobile-align-center elementor-align-center elementor-widget elementor-widget-button\" data-id=\"dbc55e7\" data-element_type=\"widget\" data-widget_type=\"button.default\">\n\t\t\t\t<div class=\"elementor-widget-container\">\n\t\t\t\t\t\t\t\t\t<div class=\"elementor-button-wrapper\">\n\t\t\t\t\t<a class=\"elementor-button elementor-button-link elementor-size-sm\" href=\"https:\/\/wa.me\/908508888888\" target=\"_blank\">\n\t\t\t\t\t\t<span class=\"elementor-button-content-wrapper\">\n\t\t\t\t\t\t\t\t\t<span class=\"elementor-button-text\">\u0130leti\u015fime Ge\u00e7<\/span>\n\t\t\t\t\t<\/span>\n\t\t\t\t\t<\/a>\n\t\t\t\t<\/div>\n\t\t\t\t\t\t\t\t<\/div>\n\t\t\t\t<\/div>\n\t\t\t\t<\/div>\n\t\t<div class=\"elementor-element elementor-element-45c07ef4 e-con-full e-flex e-con e-child\" data-id=\"45c07ef4\" data-element_type=\"container\">\n\t\t\t\t<\/div>\n\t\t\t\t\t<\/div>\n\t\t\t\t<\/div>\n\t\t<div class=\"elementor-element elementor-element-9d38c85 e-flex e-con-boxed e-con e-parent\" data-id=\"9d38c85\" data-element_type=\"container\">\n\t\t\t\t\t<div class=\"e-con-inner\">\n\t\t<div class=\"elementor-element elementor-element-cb1c364 e-con-full e-flex e-con e-child\" data-id=\"cb1c364\" data-element_type=\"container\">\n\t\t\t\t<\/div>\n\t\t<div class=\"elementor-element elementor-element-214ddffb e-con-full e-flex e-con e-child\" data-id=\"214ddffb\" data-element_type=\"container\">\n\t\t\t\t<div class=\"elementor-element elementor-element-26d59dde elementor-widget-tablet__width-auto elementor-widget elementor-widget-heading\" data-id=\"26d59dde\" data-element_type=\"widget\" data-widget_type=\"heading.default\">\n\t\t\t\t<div class=\"elementor-widget-container\">\n\t\t\t\t\t<h2 class=\"elementor-heading-title elementor-size-default\">Neden \u00d6nemlidir?<\/h2>\t\t\t\t<\/div>\n\t\t\t\t<\/div>\n\t\t\t\t<div class=\"elementor-element elementor-element-6ee3b305 elementor-widget-tablet__width-initial elementor-widget elementor-widget-text-editor\" data-id=\"6ee3b305\" data-element_type=\"widget\" data-widget_type=\"text-editor.default\">\n\t\t\t\t<div class=\"elementor-widget-container\">\n\t\t\t\t\t\t\t\t\t<ul><li><p><strong>Zaman Kazand\u0131r\u0131r:<\/strong><br \/>Muayene s\u00fcrecinde vakit harcamak yerine, bu s\u00fcreyi kendi i\u015flerinizle de\u011ferlendirebilirsiniz.<\/p><\/li><li><p><strong>Stres ve \u0130\u015f Y\u00fck\u00fcn\u00fc Azalt\u0131r:<\/strong><br \/>Muayene \u00f6ncesi haz\u0131rl\u0131klar, belgeler ve i\u015flemlerle u\u011fra\u015fmak zorunda kalmazs\u0131n\u0131z. Her \u015feyi sizin ad\u0131n\u0131za biz hallederiz.<\/p><\/li><li><p><strong>Profesyonel Hizmet:<\/strong><br \/>Motosikletinizin muayene s\u00fcrecinde teknik kontroller ve gereklilikler uzman ekiplerimiz taraf\u0131ndan eksiksiz \u015fekilde yap\u0131l\u0131r.<\/p><\/li><li><p><strong>Yasal Uyum:<\/strong><br \/>Motorunuzun muayenesinin g\u00fcncel ve yasalara uygun olmas\u0131n\u0131 sa\u011flar, ceza risklerini <a href=\"http:\/\/ttcustom.com\">ortadan kald\u0131r\u0131r.<\/a><\/p><\/li><\/ul>\t\t\t\t\t\t\t\t<\/div>\n\t\t\t\t<\/div>\n\t\t\t\t<div class=\"elementor-element elementor-element-31eb812e elementor-mobile-align-center elementor-align-center elementor-widget elementor-widget-button\" data-id=\"31eb812e\" data-element_type=\"widget\" data-widget_type=\"button.default\">\n\t\t\t\t<div class=\"elementor-widget-container\">\n\t\t\t\t\t\t\t\t\t<div class=\"elementor-button-wrapper\">\n\t\t\t\t\t<a class=\"elementor-button elementor-button-link elementor-size-sm\" href=\"https:\/\/wa.me\/908508888888\" target=\"_blank\">\n\t\t\t\t\t\t<span class=\"elementor-button-content-wrapper\">\n\t\t\t\t\t\t\t\t\t<span class=\"elementor-button-text\">\u0130leti\u015fime Ge\u00e7<\/span>\n\t\t\t\t\t<\/span>\n\t\t\t\t\t<\/a>\n\t\t\t\t<\/div>\n\t\t\t\t\t\t\t\t<\/div>\n\t\t\t\t<\/div>\n\t\t\t\t<\/div>\n\t\t\t\t\t<\/div>\n\t\t\t\t<\/div>\n\t\t<div class=\"elementor-element elementor-element-7162b14a e-con-full e-flex e-con e-parent\" data-id=\"7162b14a\" data-element_type=\"container\">\n\t\t<div class=\"elementor-element elementor-element-78bc4004 e-flex e-con-boxed e-con e-child\" data-id=\"78bc4004\" data-element_type=\"container\">\n\t\t\t\t\t<div class=\"e-con-inner\">\n\t\t\t\t<div class=\"elementor-element elementor-element-6d5183f2 animated-slow elementor-invisible elementor-widget elementor-widget-heading\" data-id=\"6d5183f2\" data-element_type=\"widget\" data-settings=\"{&quot;_animation&quot;:&quot;slideInUp&quot;}\" data-widget_type=\"heading.default\">\n\t\t\t\t<div class=\"elementor-widget-container\">\n\t\t\t\t\t<h2 class=\"elementor-heading-title elementor-size-default\">Kap\u0131dan Muayene S\u00fcrecinde Neler Yap\u0131l\u0131r?<\/h2>\t\t\t\t<\/div>\n\t\t\t\t<\/div>\n\t\t\t\t\t<\/div>\n\t\t\t\t<\/div>\n\t\t<div class=\"elementor-element elementor-element-20e5902d e-con-full e-flex e-con e-child\" data-id=\"20e5902d\" data-element_type=\"container\">\n\t\t<div class=\"elementor-element elementor-element-2f272903 animated-slow e-con-full e-flex elementor-invisible e-con e-child\" data-id=\"2f272903\" data-element_type=\"container\" data-settings=\"{&quot;background_background&quot;:&quot;classic&quot;,&quot;animation&quot;:&quot;fadeInUp&quot;,&quot;animation_delay&quot;:600}\">\n\t\t\t\t<\/div>\n\t\t<div class=\"elementor-element elementor-element-61ca0b10 e-con-full e-flex e-con e-child\" data-id=\"61ca0b10\" data-element_type=\"container\">\n\t\t\t\t<div class=\"elementor-element elementor-element-56f6a2ef elementor-widget elementor-widget-text-editor\" data-id=\"56f6a2ef\" data-element_type=\"widget\" data-widget_type=\"text-editor.default\">\n\t\t\t\t<div class=\"elementor-widget-container\">\n\t\t\t\t\t\t\t\t\t<p>Bu hizmet, muayene s\u00fcrecini ba\u015ftan sona sizin ad\u0131n\u0131za y\u00f6netir. \u0130\u015fte hizmetin detaylar\u0131:<\/p>\t\t\t\t\t\t\t\t<\/div>\n\t\t\t\t<\/div>\n\t\t<div class=\"elementor-element elementor-element-5311765e e-con-full e-flex e-con e-child\" data-id=\"5311765e\" data-element_type=\"container\">\n\t\t\t\t<div class=\"elementor-element elementor-element-1d7f9ef2 elementor-widget elementor-widget-text-editor\" data-id=\"1d7f9ef2\" data-element_type=\"widget\" data-widget_type=\"text-editor.default\">\n\t\t\t\t<div class=\"elementor-widget-container\">\n\t\t\t\t\t\t\t\t\t<ul><li><strong>Motorunuzu Kap\u0131n\u0131zdan Al\u0131yoruz:<\/strong> Motosikletiniz, bulundu\u011funuz yerden g\u00fcvenli bir \u015fekilde teslim al\u0131n\u0131r.<\/li><li><strong>Teknik Kontroller ve Haz\u0131rl\u0131klar:<\/strong> Muayene \u00f6ncesi motorunuzun t\u00fcm teknik gerekliliklerini kontrol ediyor, eksiklikleri gideriyoruz.<\/li><li><strong>Muayene S\u00fcrecini Tamaml\u0131yoruz:<\/strong> Gerekli t\u00fcm i\u015flemleri, belgeleri ve testleri sizin ad\u0131n\u0131za tamaml\u0131yoruz.<\/li><li><strong>Motorunuzu Teslim Ediyoruz:<\/strong> Muayenesi tamamlanm\u0131\u015f ve yasal olarak onaylanm\u0131\u015f motosikletinizi tekrar kap\u0131n\u0131za getiriyoruz.<\/li><\/ul>\t\t\t\t\t\t\t\t<\/div>\n\t\t\t\t<\/div>\n\t\t\t\t<\/div>\n\t\t\t\t<\/div>\n\t\t\t\t<\/div>\n\t\t\t\t<\/div>\n\t\t<div class=\"elementor-element elementor-element-2d81354f e-flex e-con-boxed e-con e-parent\" data-id=\"2d81354f\" data-element_type=\"container\" data-settings=\"{&quot;background_background&quot;:&quot;classic&quot;}\">\n\t\t\t\t\t<div class=\"e-con-inner\">\n\t\t<div class=\"elementor-element elementor-element-24d6df0c e-con-full e-flex e-con e-child\" data-id=\"24d6df0c\" data-element_type=\"container\">\n\t\t\t\t<div class=\"elementor-element elementor-element-2c0287f7 elementor-widget-tablet__width-auto elementor-widget elementor-widget-heading\" data-id=\"2c0287f7\" data-element_type=\"widget\" data-widget_type=\"heading.default\">\n\t\t\t\t<div class=\"elementor-widget-container\">\n\t\t\t\t\t<h2 class=\"elementor-heading-title elementor-size-default\">Kap\u0131dan Muayene Hizmetini Ne Zaman Kullanmal\u0131s\u0131n\u0131z?<\/h2>\t\t\t\t<\/div>\n\t\t\t\t<\/div>\n\t\t\t\t<div class=\"elementor-element elementor-element-1cec47f3 elementor-widget-tablet__width-initial elementor-widget elementor-widget-text-editor\" data-id=\"1cec47f3\" data-element_type=\"widget\" data-widget_type=\"text-editor.default\">\n\t\t\t\t<div class=\"elementor-widget-container\">\n\t\t\t\t\t\t\t\t\t<ul><li>Motosikletinizin periyodik muayene s\u00fcresi doldu\u011funda<\/li><li>Muayene s\u00fcreciyle ilgili zaman\u0131n\u0131z olmad\u0131\u011f\u0131nda<\/li><li>Yasal gereklilikleri eksiksiz \u015fekilde yerine <a href=\"http:\/\/ttcustomstore.com\">getirmek istedi\u011finizde<\/a><\/li><\/ul>\t\t\t\t\t\t\t\t<\/div>\n\t\t\t\t<\/div>\n\t\t\t\t<div class=\"elementor-element elementor-element-c0f9c2 elementor-mobile-align-center elementor-align-center elementor-widget elementor-widget-button\" data-id=\"c0f9c2\" data-element_type=\"widget\" data-widget_type=\"button.default\">\n\t\t\t\t<div class=\"elementor-widget-container\">\n\t\t\t\t\t\t\t\t\t<div class=\"elementor-button-wrapper\">\n\t\t\t\t\t<a class=\"elementor-button elementor-button-link elementor-size-sm\" href=\"https:\/\/wa.me\/908508888888\" target=\"_blank\">\n\t\t\t\t\t\t<span class=\"elementor-button-content-wrapper\">\n\t\t\t\t\t\t\t\t\t<span class=\"elementor-button-text\">\u0130leti\u015fime Ge\u00e7<\/span>\n\t\t\t\t\t<\/span>\n\t\t\t\t\t<\/a>\n\t\t\t\t<\/div>\n\t\t\t\t\t\t\t\t<\/div>\n\t\t\t\t<\/div>\n\t\t\t\t<\/div>\n\t\t<div class=\"elementor-element elementor-element-11a41fdb e-con-full e-flex e-con e-child\" data-id=\"11a41fdb\" data-element_type=\"container\">\n\t\t\t\t<\/div>\n\t\t\t\t\t<\/div>\n\t\t\t\t<\/div>\n\t\t<div class=\"elementor-element elementor-element-33af948a e-flex e-con-boxed e-con e-parent\" data-id=\"33af948a\" data-element_type=\"container\" data-settings=\"{&quot;background_background&quot;:&quot;classic&quot;}\">\n\t\t\t\t\t<div class=\"e-con-inner\">\n\t\t<div class=\"elementor-element elementor-element-7f6a1cbc e-con-full e-flex e-con e-child\" data-id=\"7f6a1cbc\" data-element_type=\"container\">\n\t\t\t\t<\/div>\n\t\t<div class=\"elementor-element elementor-element-c97f8e6 e-con-full e-flex e-con e-child\" data-id=\"c97f8e6\" data-element_type=\"container\">\n\t\t\t\t<div class=\"elementor-element elementor-element-36a2b167 elementor-widget-tablet__width-auto elementor-widget elementor-widget-heading\" data-id=\"36a2b167\" data-element_type=\"widget\" data-widget_type=\"heading.default\">\n\t\t\t\t<div class=\"elementor-widget-container\">\n\t\t\t\t\t<h2 class=\"elementor-heading-title elementor-size-default\">TT Custom Fark\u0131<\/h2>\t\t\t\t<\/div>\n\t\t\t\t<\/div>\n\t\t\t\t<div class=\"elementor-element elementor-element-25d3d446 elementor-widget-tablet__width-initial elementor-widget elementor-widget-text-editor\" data-id=\"25d3d446\" data-element_type=\"widget\" data-widget_type=\"text-editor.default\">\n\t\t\t\t<div class=\"elementor-widget-container\">\n\t\t\t\t\t\t\t\t\t<p>Kap\u0131dan Muayene hizmetimiz, motosiklet kullan\u0131c\u0131lar\u0131n\u0131n hayat\u0131n\u0131 kolayla\u015ft\u0131rmak i\u00e7in tasarlanm\u0131\u015ft\u0131r. Uzman ekibimiz, motorunuzun yasal gerekliliklerini yerine getirirken siz sadece s\u00fcr\u00fc\u015f\u00fcn keyfini \u00e7\u0131kar\u0131rs\u0131n\u0131z.<\/p>\t\t\t\t\t\t\t\t<\/div>\n\t\t\t\t<\/div>\n\t\t\t\t<div class=\"elementor-element elementor-element-1086e327 elementor-mobile-align-center elementor-align-center elementor-widget elementor-widget-button\" data-id=\"1086e327\" data-element_type=\"widget\" data-widget_type=\"button.default\">\n\t\t\t\t<div class=\"elementor-widget-container\">\n\t\t\t\t\t\t\t\t\t<div class=\"elementor-button-wrapper\">\n\t\t\t\t\t<a class=\"elementor-button elementor-button-link elementor-size-sm\" href=\"https:\/\/wa.me\/908508888888\" target=\"_blank\">\n\t\t\t\t\t\t<span class=\"elementor-button-content-wrapper\">\n\t\t\t\t\t\t\t\t\t<span class=\"elementor-button-text\">Hemen Randevu Al!<\/span>\n\t\t\t\t\t<\/span>\n\t\t\t\t\t<\/a>\n\t\t\t\t<\/div>\n\t\t\t\t\t\t\t\t<\/div>\n\t\t\t\t<\/div>\n\t\t\t\t<\/div>\n\t\t\t\t\t<\/div>\n\t\t\t\t<\/div>\n\t\t\t\t<\/div>\n\t\t","protected":false},"excerpt":{"rendered":"<p>Kap\u0131dan Muayene Kap\u0131dan muayene ile motosikletinizi al\u0131yor, bak\u0131mlar\u0131n\u0131 yap\u0131p size teslim ediyoruz. Nedir? Motosikletinizin muayene s\u00fcrecini sizin i\u00e7in tamamen kolayla\u015ft\u0131ran bir hizmet olan Kap\u0131dan Muayene, hayat\u0131n\u0131z\u0131 kolayla\u015ft\u0131r\u0131r.Motorunuzu bulundu\u011funuz yerden al\u0131r, gerekli t\u00fcm muayene i\u015flemlerini tamamlar ve ard\u0131ndan g\u00fcvenle size geri teslim ederiz. Siz hi\u00e7 vakit kaybetmeden g\u00fcnl\u00fck i\u015flerinize devam ederken, biz motorunuzun yasal gerekliliklerini eksiksiz [&hellip;]<\/p>\n","protected":false},"author":1,"featured_media":0,"parent":0,"menu_order":0,"comment_status":"closed","ping_status":"closed","template":"","meta":{"footnotes":""},"class_list":["post-395","page","type-page","status-publish","hentry"],"yoast_head":"<!-- This site is optimized with the Yoast SEO Premium plugin v24.6 (Yoast SEO v24.6) - https:\/\/yoast.com\/wordpress\/plugins\/seo\/ -->\n<title>Kap\u0131dan Muayene - TT Custom Choppers<\/title>\n<meta name=\"description\" content=\"TT Custom Kap\u0131dan Muayene hizmetiyle zaman kaybetme! Motosikletin adresinden al\u0131n\u0131r, muayenesi yap\u0131l\u0131r ve g\u00fcvenle teslim edilir.\" \/>\n<meta name=\"robots\" content=\"index, follow, max-snippet:-1, max-image-preview:large, max-video-preview:-1\" \/>\n<link rel=\"canonical\" href=\"https:\/\/ttcustom.com\/?page_id=395\" \/>\n<meta property=\"og:locale\" content=\"tr_TR\" \/>\n<meta property=\"og:type\" content=\"article\" \/>\n<meta property=\"og:title\" content=\"Kap\u0131dan Muayene\" \/>\n<meta property=\"og:description\" content=\"TT Custom Kap\u0131dan Muayene hizmetiyle zaman kaybetme! Motosikletin adresinden al\u0131n\u0131r, muayenesi yap\u0131l\u0131r ve g\u00fcvenle teslim edilir.\" \/>\n<meta property=\"og:url\" content=\"https:\/\/ttcustom.com\/?page_id=395\" \/>\n<meta property=\"og:site_name\" content=\"TT Custom Choppers\" \/>\n<meta property=\"article:publisher\" content=\"https:\/\/www.facebook.com\/ttcustomturkiye\" \/>\n<meta property=\"article:modified_time\" content=\"2025-05-08T08:53:44+00:00\" \/>\n<meta property=\"og:image\" content=\"https:\/\/ttcustom.com\/wp-content\/uploads\/2025\/05\/012.png\" \/>\n\t<meta property=\"og:image:width\" content=\"1000\" \/>\n\t<meta property=\"og:image:height\" content=\"562\" \/>\n\t<meta property=\"og:image:type\" content=\"image\/png\" \/>\n<meta name=\"twitter:card\" content=\"summary_large_image\" \/>\n<meta name=\"twitter:label1\" content=\"Tahmini okuma s\u00fcresi\" \/>\n\t<meta name=\"twitter:data1\" content=\"2 dakika\" \/>\n<script type=\"application\/ld+json\" class=\"yoast-schema-graph\">{\"@context\":\"https:\/\/schema.org\",\"@graph\":[{\"@type\":\"WebPage\",\"@id\":\"https:\/\/ttcustom.com\/?page_id=395\",\"url\":\"https:\/\/ttcustom.com\/?page_id=395\",\"name\":\"Kap\u0131dan Muayene - TT Custom Choppers\",\"isPartOf\":{\"@id\":\"https:\/\/ttcustom.com\/#website\"},\"datePublished\":\"2025-02-02T18:35:53+00:00\",\"dateModified\":\"2025-05-08T08:53:44+00:00\",\"description\":\"TT Custom Kap\u0131dan Muayene hizmetiyle zaman kaybetme! Motosikletin adresinden al\u0131n\u0131r, muayenesi yap\u0131l\u0131r ve g\u00fcvenle teslim edilir.\",\"breadcrumb\":{\"@id\":\"https:\/\/ttcustom.com\/?page_id=395#breadcrumb\"},\"inLanguage\":\"tr\",\"potentialAction\":[{\"@type\":\"ReadAction\",\"target\":[\"https:\/\/ttcustom.com\/?page_id=395\"]}]},{\"@type\":\"BreadcrumbList\",\"@id\":\"https:\/\/ttcustom.com\/?page_id=395#breadcrumb\",\"itemListElement\":[{\"@type\":\"ListItem\",\"position\":1,\"name\":\"Anasayfa\",\"item\":\"https:\/\/ttcustom.com\/\"},{\"@type\":\"ListItem\",\"position\":2,\"name\":\"Kap\u0131dan Muayene\"}]},{\"@type\":\"WebSite\",\"@id\":\"https:\/\/ttcustom.com\/#website\",\"url\":\"https:\/\/ttcustom.com\/\",\"name\":\"TT Custom, T\u00fcrkiye'nin En G\u00fcvenilir Motorsiklet Servisi, T\u00fcrkiye'de ilk Yerli \u00dcretim Motorsiklet\",\"description\":\"\",\"publisher\":{\"@id\":\"https:\/\/ttcustom.com\/#organization\"},\"potentialAction\":[{\"@type\":\"SearchAction\",\"target\":{\"@type\":\"EntryPoint\",\"urlTemplate\":\"https:\/\/ttcustom.com\/?s={search_term_string}\"},\"query-input\":{\"@type\":\"PropertyValueSpecification\",\"valueRequired\":true,\"valueName\":\"search_term_string\"}}],\"inLanguage\":\"tr\"},{\"@type\":\"Organization\",\"@id\":\"https:\/\/ttcustom.com\/#organization\",\"name\":\"TT Custom, T\u00fcrkiye'nin En G\u00fcvenilir Motorsiklet Servisi, T\u00fcrkiye'de ilk Yerli \u00dcretim Motorsiklet\",\"url\":\"https:\/\/ttcustom.com\/\",\"logo\":{\"@type\":\"ImageObject\",\"inLanguage\":\"tr\",\"@id\":\"https:\/\/ttcustom.com\/#\/schema\/logo\/image\/\",\"url\":\"https:\/\/ttcustom.com\/wp-content\/uploads\/2025\/03\/asdasdad.png\",\"contentUrl\":\"https:\/\/ttcustom.com\/wp-content\/uploads\/2025\/03\/asdasdad.png\",\"width\":1000,\"height\":1000,\"caption\":\"TT Custom, T\u00fcrkiye'nin En G\u00fcvenilir Motorsiklet Servisi, T\u00fcrkiye'de ilk Yerli \u00dcretim Motorsiklet\"},\"image\":{\"@id\":\"https:\/\/ttcustom.com\/#\/schema\/logo\/image\/\"},\"sameAs\":[\"https:\/\/www.facebook.com\/ttcustomturkiye\"],\"email\":\"info@ttmotor.com.tr\",\"telephone\":\"08508888888\",\"legalName\":\"TT Motor A.\u015e.\"}]}<\/script>\n<!-- \/ Yoast SEO Premium plugin. -->","yoast_head_json":{"title":"Kap\u0131dan Muayene - TT Custom Choppers","description":"TT Custom Kap\u0131dan Muayene hizmetiyle zaman kaybetme! Motosikletin adresinden al\u0131n\u0131r, muayenesi yap\u0131l\u0131r ve g\u00fcvenle teslim edilir.","robots":{"index":"index","follow":"follow","max-snippet":"max-snippet:-1","max-image-preview":"max-image-preview:large","max-video-preview":"max-video-preview:-1"},"canonical":"https:\/\/ttcustom.com\/?page_id=395","og_locale":"tr_TR","og_type":"article","og_title":"Kap\u0131dan Muayene","og_description":"TT Custom Kap\u0131dan Muayene hizmetiyle zaman kaybetme! Motosikletin adresinden al\u0131n\u0131r, muayenesi yap\u0131l\u0131r ve g\u00fcvenle teslim edilir.","og_url":"https:\/\/ttcustom.com\/?page_id=395","og_site_name":"TT Custom Choppers","article_publisher":"https:\/\/www.facebook.com\/ttcustomturkiye","article_modified_time":"2025-05-08T08:53:44+00:00","og_image":[{"width":1000,"height":562,"url":"https:\/\/ttcustom.com\/wp-content\/uploads\/2025\/05\/012.png","type":"image\/png"}],"twitter_card":"summary_large_image","twitter_misc":{"Tahmini okuma s\u00fcresi":"2 dakika"},"schema":{"@context":"https:\/\/schema.org","@graph":[{"@type":"WebPage","@id":"https:\/\/ttcustom.com\/?page_id=395","url":"https:\/\/ttcustom.com\/?page_id=395","name":"Kap\u0131dan Muayene - TT Custom Choppers","isPartOf":{"@id":"https:\/\/ttcustom.com\/#website"},"datePublished":"2025-02-02T18:35:53+00:00","dateModified":"2025-05-08T08:53:44+00:00","description":"TT Custom Kap\u0131dan Muayene hizmetiyle zaman kaybetme! Motosikletin adresinden al\u0131n\u0131r, muayenesi yap\u0131l\u0131r ve g\u00fcvenle teslim edilir.","breadcrumb":{"@id":"https:\/\/ttcustom.com\/?page_id=395#breadcrumb"},"inLanguage":"tr","potentialAction":[{"@type":"ReadAction","target":["https:\/\/ttcustom.com\/?page_id=395"]}]},{"@type":"BreadcrumbList","@id":"https:\/\/ttcustom.com\/?page_id=395#breadcrumb","itemListElement":[{"@type":"ListItem","position":1,"name":"Anasayfa","item":"https:\/\/ttcustom.com\/"},{"@type":"ListItem","position":2,"name":"Kap\u0131dan Muayene"}]},{"@type":"WebSite","@id":"https:\/\/ttcustom.com\/#website","url":"https:\/\/ttcustom.com\/","name":"TT Custom, T\u00fcrkiye'nin En G\u00fcvenilir Motorsiklet Servisi, T\u00fcrkiye'de ilk Yerli \u00dcretim Motorsiklet","description":"","publisher":{"@id":"https:\/\/ttcustom.com\/#organization"},"potentialAction":[{"@type":"SearchAction","target":{"@type":"EntryPoint","urlTemplate":"https:\/\/ttcustom.com\/?s={search_term_string}"},"query-input":{"@type":"PropertyValueSpecification","valueRequired":true,"valueName":"search_term_string"}}],"inLanguage":"tr"},{"@type":"Organization","@id":"https:\/\/ttcustom.com\/#organization","name":"TT Custom, T\u00fcrkiye'nin En G\u00fcvenilir Motorsiklet Servisi, T\u00fcrkiye'de ilk Yerli \u00dcretim Motorsiklet","url":"https:\/\/ttcustom.com\/","logo":{"@type":"ImageObject","inLanguage":"tr","@id":"https:\/\/ttcustom.com\/#\/schema\/logo\/image\/","url":"https:\/\/ttcustom.com\/wp-content\/uploads\/2025\/03\/asdasdad.png","contentUrl":"https:\/\/ttcustom.com\/wp-content\/uploads\/2025\/03\/asdasdad.png","width":1000,"height":1000,"caption":"TT Custom, T\u00fcrkiye'nin En G\u00fcvenilir Motorsiklet Servisi, T\u00fcrkiye'de ilk Yerli \u00dcretim Motorsiklet"},"image":{"@id":"https:\/\/ttcustom.com\/#\/schema\/logo\/image\/"},"sameAs":["https:\/\/www.facebook.com\/ttcustomturkiye"],"email":"info@ttmotor.com.tr","telephone":"08508888888","legalName":"TT Motor A.\u015e."}]}},"rttpg_featured_image_url":null,"rttpg_author":{"display_name":"admin","author_link":"https:\/\/ttcustom.com\/?author=1"},"rttpg_comment":0,"rttpg_category":null,"rttpg_excerpt":"Kap\u0131dan Muayene Kap\u0131dan muayene ile motosikletinizi al\u0131yor, bak\u0131mlar\u0131n\u0131 yap\u0131p size teslim ediyoruz. Nedir? Motosikletinizin muayene s\u00fcrecini sizin i\u00e7in tamamen kolayla\u015ft\u0131ran bir hizmet olan Kap\u0131dan Muayene, hayat\u0131n\u0131z\u0131 kolayla\u015ft\u0131r\u0131r.Motorunuzu bulundu\u011funuz yerden al\u0131r, gerekli t\u00fcm muayene i\u015flemlerini tamamlar ve ard\u0131ndan g\u00fcvenle size geri teslim ederiz. Siz hi\u00e7 vakit kaybetmeden g\u00fcnl\u00fck i\u015flerinize devam ederken, biz motorunuzun yasal gerekliliklerini eksiksiz&hellip;","_links":{"self":[{"href":"https:\/\/ttcustom.com\/index.php?rest_route=\/wp\/v2\/pages\/395","targetHints":{"allow":["GET"]}}],"collection":[{"href":"https:\/\/ttcustom.com\/index.php?rest_route=\/wp\/v2\/pages"}],"about":[{"href":"https:\/\/ttcustom.com\/index.php?rest_route=\/wp\/v2\/types\/page"}],"author":[{"embeddable":true,"href":"https:\/\/ttcustom.com\/index.php?rest_route=\/wp\/v2\/users\/1"}],"replies":[{"embeddable":true,"href":"https:\/\/ttcustom.com\/index.php?rest_route=%2Fwp%2Fv2%2Fcomments&post=395"}],"version-history":[{"count":37,"href":"https:\/\/ttcustom.com\/index.php?rest_route=\/wp\/v2\/pages\/395\/revisions"}],"predecessor-version":[{"id":2290,"href":"https:\/\/ttcustom.com\/index.php?rest_route=\/wp\/v2\/pages\/395\/revisions\/2290"}],"wp:attachment":[{"href":"https:\/\/ttcustom.com\/index.php?rest_route=%2Fwp%2Fv2%2Fmedia&parent=395"}],"curies":[{"name":"wp","href":"https:\/\/api.w.org\/{rel}","templated":true}]}}