{"id":354,"date":"2025-02-02T17:13:31","date_gmt":"2025-02-02T17:13:31","guid":{"rendered":"https:\/\/ttcustom.com\/?page_id=354"},"modified":"2025-05-08T09:04:58","modified_gmt":"2025-05-08T09:04:58","slug":"servis-ve-bakim","status":"publish","type":"page","link":"https:\/\/ttcustom.com\/?page_id=354","title":{"rendered":"Servis ve Bak\u0131m"},"content":{"rendered":"\t\t<div data-elementor-type=\"wp-page\" data-elementor-id=\"354\" class=\"elementor elementor-354\" data-elementor-post-type=\"page\">\n\t\t\t\t<div class=\"elementor-element elementor-element-6268a8fc e-flex e-con-boxed e-con e-parent\" data-id=\"6268a8fc\" data-element_type=\"container\">\n\t\t\t\t\t<div class=\"e-con-inner\">\n\t\t\t\t<div class=\"elementor-element elementor-element-4e4f20c6 elementor--h-position-center elementor--v-position-middle elementor-arrows-position-inside elementor-pagination-position-inside elementor-widget elementor-widget-slides\" data-id=\"4e4f20c6\" data-element_type=\"widget\" data-settings=\"{&quot;navigation&quot;:&quot;both&quot;,&quot;autoplay&quot;:&quot;yes&quot;,&quot;pause_on_hover&quot;:&quot;yes&quot;,&quot;pause_on_interaction&quot;:&quot;yes&quot;,&quot;autoplay_speed&quot;:5000,&quot;infinite&quot;:&quot;yes&quot;,&quot;transition&quot;:&quot;slide&quot;,&quot;transition_speed&quot;:500}\" data-widget_type=\"slides.default\">\n\t\t\t\t<div class=\"elementor-widget-container\">\n\t\t\t\t\t\t\t\t\t<div class=\"elementor-swiper\">\n\t\t\t\t\t<div class=\"elementor-slides-wrapper elementor-main-swiper swiper\" role=\"region\" aria-roledescription=\"carousel\" aria-label=\"Motorlar\" dir=\"ltr\" data-animation=\"fadeInUp\">\n\t\t\t\t<div class=\"swiper-wrapper elementor-slides\">\n\t\t\t\t\t\t\t\t\t\t<div class=\"elementor-repeater-item-e867c30 swiper-slide\" role=\"group\" aria-roledescription=\"slide\"><div class=\"swiper-slide-bg\" role=\"img\"><\/div><div class=\"swiper-slide-inner\" ><div class=\"swiper-slide-contents\"><div class=\"elementor-slide-heading\">Servis ve Bak\u0131m<\/div><div class=\"elementor-slide-description\">Motosikletinizin performans\u0131n\u0131 maksimum d\u00fczeyde tutmak i\u00e7in profesyonel bak\u0131m hizmeti sunuyoruz.<\/div><\/div><\/div><\/div>\t\t\t\t<\/div>\n\t\t\t\t\t\t\t<\/div>\n\t\t\t\t<\/div>\n\t\t\t\t\t\t\t\t<\/div>\n\t\t\t\t<\/div>\n\t\t\t\t\t<\/div>\n\t\t\t\t<\/div>\n\t\t<div class=\"elementor-element elementor-element-2db76db3 e-flex e-con-boxed e-con e-parent\" data-id=\"2db76db3\" data-element_type=\"container\" data-settings=\"{&quot;background_background&quot;:&quot;classic&quot;}\">\n\t\t\t\t\t<div class=\"e-con-inner\">\n\t\t<div class=\"elementor-element elementor-element-5a3341c e-con-full e-flex e-con e-child\" data-id=\"5a3341c\" data-element_type=\"container\">\n\t\t\t\t<\/div>\n\t\t<div class=\"elementor-element elementor-element-4054187a e-con-full e-flex e-con e-child\" data-id=\"4054187a\" data-element_type=\"container\">\n\t\t\t\t<div class=\"elementor-element elementor-element-7e924885 animated-slow elementor-invisible elementor-widget elementor-widget-heading\" data-id=\"7e924885\" data-element_type=\"widget\" data-settings=\"{&quot;_animation&quot;:&quot;slideInUp&quot;}\" data-widget_type=\"heading.default\">\n\t\t\t\t<div class=\"elementor-widget-container\">\n\t\t\t\t\t<h2 class=\"elementor-heading-title elementor-size-default\">G\u00f6n\u00fcl Rahatl\u0131\u011f\u0131yla Yola Devam Edin<\/h2>\t\t\t\t<\/div>\n\t\t\t\t<\/div>\n\t\t\t\t<div class=\"elementor-element elementor-element-54485a9b elementor-widget elementor-widget-text-editor\" data-id=\"54485a9b\" data-element_type=\"widget\" data-widget_type=\"text-editor.default\">\n\t\t\t\t<div class=\"elementor-widget-container\">\n\t\t\t\t\t\t\t\t\t<p>TT Custom servis ve bak\u0131m hizmetleriyle motorun hep en iyi durumda.<br data-start=\"179\" data-end=\"182\" \/>Uzman ekibimiz, \u00f6zel donan\u0131ml\u0131 ara\u00e7lar\u0131m\u0131z ve 7\/24 yol yard\u0131m deste\u011fimizle her zaman yan\u0131nday\u0131z.<br data-start=\"278\" data-end=\"281\" \/>Yola g\u00f6n\u00fcl <a href=\"http:\/\/ttcustom.com\">rahatl\u0131\u011f\u0131yla \u00e7\u0131k!<\/a><\/p>\t\t\t\t\t\t\t\t<\/div>\n\t\t\t\t<\/div>\n\t\t\t\t<div class=\"elementor-element elementor-element-791fefb9 elementor-align-center elementor-mobile-align-center elementor-widget elementor-widget-button\" data-id=\"791fefb9\" data-element_type=\"widget\" data-widget_type=\"button.default\">\n\t\t\t\t<div class=\"elementor-widget-container\">\n\t\t\t\t\t\t\t\t\t<div class=\"elementor-button-wrapper\">\n\t\t\t\t\t<a class=\"elementor-button elementor-button-link elementor-size-lg elementor-animation-grow\" href=\"tel:08508888888\">\n\t\t\t\t\t\t<span class=\"elementor-button-content-wrapper\">\n\t\t\t\t\t\t\t\t\t<span class=\"elementor-button-text\">Hemen Ara!<\/span>\n\t\t\t\t\t<\/span>\n\t\t\t\t\t<\/a>\n\t\t\t\t<\/div>\n\t\t\t\t\t\t\t\t<\/div>\n\t\t\t\t<\/div>\n\t\t\t\t<\/div>\n\t\t\t\t\t<\/div>\n\t\t\t\t<\/div>\n\t\t<div class=\"elementor-element elementor-element-20e15575 e-flex e-con-boxed e-con e-parent\" data-id=\"20e15575\" data-element_type=\"container\" data-settings=\"{&quot;background_background&quot;:&quot;classic&quot;}\">\n\t\t\t\t\t<div class=\"e-con-inner\">\n\t\t<div class=\"elementor-element elementor-element-51f37143 e-con-full e-flex e-con e-child\" data-id=\"51f37143\" data-element_type=\"container\">\n\t\t\t\t<div class=\"elementor-element elementor-element-4c071a5a animated-slow elementor-invisible elementor-widget elementor-widget-heading\" data-id=\"4c071a5a\" data-element_type=\"widget\" data-settings=\"{&quot;_animation&quot;:&quot;slideInUp&quot;}\" data-widget_type=\"heading.default\">\n\t\t\t\t<div class=\"elementor-widget-container\">\n\t\t\t\t\t<h2 class=\"elementor-heading-title elementor-size-default\">SERV\u0130STE DE G\u00dcVENCE B\u0130ZDE<\/h2>\t\t\t\t<\/div>\n\t\t\t\t<\/div>\n\t\t\t\t<div class=\"elementor-element elementor-element-77d73ba7 elementor-widget elementor-widget-text-editor\" data-id=\"77d73ba7\" data-element_type=\"widget\" data-widget_type=\"text-editor.default\">\n\t\t\t\t<div class=\"elementor-widget-container\">\n\t\t\t\t\t\t\t\t\t<p class=\"\" data-start=\"195\" data-end=\"382\">TT Custom\u2019da yap\u0131lan her servis ve bak\u0131m i\u015flemi, firmam\u0131z\u0131n kasko g\u00fcvencesi alt\u0131ndad\u0131r.<br data-start=\"282\" data-end=\"285\" \/>Motorunuza uygulanan her i\u015flem kay\u0131t alt\u0131na al\u0131n\u0131r ve olas\u0131 risklere kar\u015f\u0131 tam koruma sa\u011flan\u0131r.<\/p><p class=\"\" data-start=\"384\" data-end=\"430\">\ud83d\udd27 \u0130\u00e7iniz rahat olsun, motorunuz <a href=\"http:\/\/ttcustom.com\">emin ellerde.<\/a><\/p>\t\t\t\t\t\t\t\t<\/div>\n\t\t\t\t<\/div>\n\t\t\t\t<div class=\"elementor-element elementor-element-38cf19e6 elementor-align-left elementor-mobile-align-center elementor-widget elementor-widget-button\" data-id=\"38cf19e6\" data-element_type=\"widget\" data-widget_type=\"button.default\">\n\t\t\t\t<div class=\"elementor-widget-container\">\n\t\t\t\t\t\t\t\t\t<div class=\"elementor-button-wrapper\">\n\t\t\t\t\t<a class=\"elementor-button elementor-button-link elementor-size-lg elementor-animation-grow\" href=\"tel:08508888888\">\n\t\t\t\t\t\t<span class=\"elementor-button-content-wrapper\">\n\t\t\t\t\t\t\t\t\t<span class=\"elementor-button-text\">Hemen Ara!<\/span>\n\t\t\t\t\t<\/span>\n\t\t\t\t\t<\/a>\n\t\t\t\t<\/div>\n\t\t\t\t\t\t\t\t<\/div>\n\t\t\t\t<\/div>\n\t\t\t\t<\/div>\n\t\t<div class=\"elementor-element elementor-element-1fd400f e-con-full e-flex e-con e-child\" data-id=\"1fd400f\" data-element_type=\"container\">\n\t\t\t\t<\/div>\n\t\t\t\t\t<\/div>\n\t\t\t\t<\/div>\n\t\t<div class=\"elementor-element elementor-element-7656a38b e-flex e-con-boxed e-con e-parent\" data-id=\"7656a38b\" data-element_type=\"container\" data-settings=\"{&quot;background_background&quot;:&quot;classic&quot;}\">\n\t\t\t\t\t<div class=\"e-con-inner\">\n\t\t<div class=\"elementor-element elementor-element-f2214ce e-con-full e-flex e-con e-child\" data-id=\"f2214ce\" data-element_type=\"container\">\n\t\t\t\t<\/div>\n\t\t<div class=\"elementor-element elementor-element-15127db8 e-con-full e-flex e-con e-child\" data-id=\"15127db8\" data-element_type=\"container\">\n\t\t\t\t<div class=\"elementor-element elementor-element-46230d2c animated-slow elementor-invisible elementor-widget elementor-widget-heading\" data-id=\"46230d2c\" data-element_type=\"widget\" data-settings=\"{&quot;_animation&quot;:&quot;slideInUp&quot;}\" data-widget_type=\"heading.default\">\n\t\t\t\t<div class=\"elementor-widget-container\">\n\t\t\t\t\t<h2 class=\"elementor-heading-title elementor-size-default\">7\/24 SERV\u0130S DESTE\u011e\u0130<\/h2>\t\t\t\t<\/div>\n\t\t\t\t<\/div>\n\t\t\t\t<div class=\"elementor-element elementor-element-77350bf1 elementor-widget elementor-widget-text-editor\" data-id=\"77350bf1\" data-element_type=\"widget\" data-widget_type=\"text-editor.default\">\n\t\t\t\t<div class=\"elementor-widget-container\">\n\t\t\t\t\t\t\t\t\t<p class=\"\" data-start=\"198\" data-end=\"431\">Motorun nerede, biz oraday\u0131z.<br data-start=\"227\" data-end=\"230\" \/>\u0130ster rutin bak\u0131m, ister acil servis ihtiyac\u0131n olsun; TT Custom ekibi haftan\u0131n her g\u00fcn\u00fc, g\u00fcn\u00fcn her saati hizmet vermeye haz\u0131r.<br data-start=\"356\" data-end=\"359\" \/>\ud83d\udcde Ar\u0131za m\u0131 var? Bak\u0131m m\u0131 zaman\u0131 geldi? Tek yapman gereken bize ula\u015fmak.<\/p>\t\t\t\t\t\t\t\t<\/div>\n\t\t\t\t<\/div>\n\t\t\t\t<div class=\"elementor-element elementor-element-638019b elementor-align-left elementor-mobile-align-center elementor-widget elementor-widget-button\" data-id=\"638019b\" data-element_type=\"widget\" data-widget_type=\"button.default\">\n\t\t\t\t<div class=\"elementor-widget-container\">\n\t\t\t\t\t\t\t\t\t<div class=\"elementor-button-wrapper\">\n\t\t\t\t\t<a class=\"elementor-button elementor-button-link elementor-size-lg elementor-animation-grow\" href=\"tel:08508888888\">\n\t\t\t\t\t\t<span class=\"elementor-button-content-wrapper\">\n\t\t\t\t\t\t\t\t\t<span class=\"elementor-button-text\">Hemen Ara!<\/span>\n\t\t\t\t\t<\/span>\n\t\t\t\t\t<\/a>\n\t\t\t\t<\/div>\n\t\t\t\t\t\t\t\t<\/div>\n\t\t\t\t<\/div>\n\t\t\t\t<\/div>\n\t\t\t\t\t<\/div>\n\t\t\t\t<\/div>\n\t\t<div class=\"elementor-element elementor-element-28f70be5 e-flex e-con-boxed e-con e-parent\" data-id=\"28f70be5\" data-element_type=\"container\" data-settings=\"{&quot;background_background&quot;:&quot;classic&quot;}\">\n\t\t\t\t\t<div class=\"e-con-inner\">\n\t\t<div class=\"elementor-element elementor-element-1878aef9 e-con-full e-flex e-con e-child\" data-id=\"1878aef9\" data-element_type=\"container\">\n\t\t\t\t<div class=\"elementor-element elementor-element-759096df animated-slow elementor-invisible elementor-widget elementor-widget-heading\" data-id=\"759096df\" data-element_type=\"widget\" data-settings=\"{&quot;_animation&quot;:&quot;slideInUp&quot;}\" data-widget_type=\"heading.default\">\n\t\t\t\t<div class=\"elementor-widget-container\">\n\t\t\t\t\t<h2 class=\"elementor-heading-title elementor-size-default\">Hizmet Verdi\u011fimiz Markalar<\/h2>\t\t\t\t<\/div>\n\t\t\t\t<\/div>\n\t\t\t\t<div class=\"elementor-element elementor-element-af135d6 elementor-widget elementor-widget-text-editor\" data-id=\"af135d6\" data-element_type=\"widget\" data-widget_type=\"text-editor.default\">\n\t\t\t\t<div class=\"elementor-widget-container\">\n\t\t\t\t\t\t\t\t\t<p><strong>BMW, Harley-Davidson, Royal Enfield, ve \u0130ndian Marka Motorsikletleriniz ile diledi\u011finiz an TT Custom\u2019dan hizmet alabilirsiniz.<\/strong><\/p>\t\t\t\t\t\t\t\t<\/div>\n\t\t\t\t<\/div>\n\t\t\t\t<div class=\"elementor-element elementor-element-6489690d elementor-align-left elementor-mobile-align-center elementor-widget elementor-widget-button\" data-id=\"6489690d\" data-element_type=\"widget\" data-widget_type=\"button.default\">\n\t\t\t\t<div class=\"elementor-widget-container\">\n\t\t\t\t\t\t\t\t\t<div class=\"elementor-button-wrapper\">\n\t\t\t\t\t<a class=\"elementor-button elementor-button-link elementor-size-lg elementor-animation-grow\" href=\"tel:08508888888\">\n\t\t\t\t\t\t<span class=\"elementor-button-content-wrapper\">\n\t\t\t\t\t\t\t\t\t<span class=\"elementor-button-text\">Hemen Ara!<\/span>\n\t\t\t\t\t<\/span>\n\t\t\t\t\t<\/a>\n\t\t\t\t<\/div>\n\t\t\t\t\t\t\t\t<\/div>\n\t\t\t\t<\/div>\n\t\t\t\t<\/div>\n\t\t<div class=\"elementor-element elementor-element-be2b50e e-con-full e-flex e-con e-child\" data-id=\"be2b50e\" data-element_type=\"container\">\n\t\t\t\t<\/div>\n\t\t\t\t\t<\/div>\n\t\t\t\t<\/div>\n\t\t<div class=\"elementor-element elementor-element-4b3738ae e-flex e-con-boxed e-con e-parent\" data-id=\"4b3738ae\" data-element_type=\"container\" data-settings=\"{&quot;background_background&quot;:&quot;classic&quot;}\">\n\t\t\t\t\t<div class=\"e-con-inner\">\n\t\t<div class=\"elementor-element elementor-element-1426f579 e-con-full e-flex e-con e-child\" data-id=\"1426f579\" data-element_type=\"container\">\n\t\t\t\t<div class=\"elementor-element elementor-element-7edf295c elementor-invisible elementor-widget elementor-widget-heading\" data-id=\"7edf295c\" data-element_type=\"widget\" data-settings=\"{&quot;_animation&quot;:&quot;fadeIn&quot;}\" data-widget_type=\"heading.default\">\n\t\t\t\t<div class=\"elementor-widget-container\">\n\t\t\t\t\t<h2 class=\"elementor-heading-title elementor-size-default\">Neden Biz?<\/h2>\t\t\t\t<\/div>\n\t\t\t\t<\/div>\n\t\t\t\t<div class=\"elementor-element elementor-element-64b07286 elementor-widget__width-initial elementor-widget elementor-widget-text-editor\" data-id=\"64b07286\" data-element_type=\"widget\" data-widget_type=\"text-editor.default\">\n\t\t\t\t<div class=\"elementor-widget-container\">\n\t\t\t\t\t\t\t\t\t<ul data-start=\"137\" data-end=\"525\"><li class=\"\" data-start=\"137\" data-end=\"243\"><p class=\"\" data-start=\"139\" data-end=\"243\"><strong data-start=\"139\" data-end=\"154\">Uzman Ekip:<\/strong> Her motosiklet markas\u0131n\u0131 yak\u0131ndan tan\u0131yan, deneyimli ustalardan olu\u015fan servis kadrosu.<\/p><\/li><li class=\"\" data-start=\"244\" data-end=\"357\"><p class=\"\" data-start=\"246\" data-end=\"357\"><strong data-start=\"246\" data-end=\"262\">Titiz Bak\u0131m:<\/strong> Rutin kontrollerden \u00f6zel i\u015flemlere kadar her ad\u0131m kay\u0131t alt\u0131na al\u0131n\u0131r, \u015fansa yer b\u0131rak\u0131lmaz.<\/p><\/li><li class=\"\" data-start=\"358\" data-end=\"436\"><p class=\"\" data-start=\"360\" data-end=\"436\"><strong data-start=\"360\" data-end=\"381\">Garantili Hizmet:<\/strong> T\u00fcm servis i\u015flemleri TT Custom g\u00fcvencesiyle yap\u0131l\u0131r.<\/p><\/li><li class=\"\" data-start=\"437\" data-end=\"525\"><p class=\"\" data-start=\"439\" data-end=\"525\"><strong data-start=\"439\" data-end=\"460\">Her An Yan\u0131n\u0131zda:<\/strong> Haftan\u0131n 7 g\u00fcn\u00fc, ihtiyac\u0131n\u0131z olan her an destek vermeye haz\u0131r\u0131z.<\/p><\/li><\/ul>\t\t\t\t\t\t\t\t<\/div>\n\t\t\t\t<\/div>\n\t\t\t\t<\/div>\n\t\t<div class=\"elementor-element elementor-element-5829508b e-con-full e-flex e-con e-child\" data-id=\"5829508b\" data-element_type=\"container\">\n\t\t\t\t<\/div>\n\t\t\t\t\t<\/div>\n\t\t\t\t<\/div>\n\t\t\t\t<\/div>\n\t\t","protected":false},"excerpt":{"rendered":"<p>Servis ve Bak\u0131mMotosikletinizin performans\u0131n\u0131 maksimum d\u00fczeyde tutmak i\u00e7in profesyonel bak\u0131m hizmeti sunuyoruz. G\u00f6n\u00fcl Rahatl\u0131\u011f\u0131yla Yola Devam Edin TT Custom servis ve bak\u0131m hizmetleriyle motorun hep en iyi durumda.Uzman ekibimiz, \u00f6zel donan\u0131ml\u0131 ara\u00e7lar\u0131m\u0131z ve 7\/24 yol yard\u0131m deste\u011fimizle her zaman yan\u0131nday\u0131z.Yola g\u00f6n\u00fcl rahatl\u0131\u011f\u0131yla \u00e7\u0131k! Hemen Ara! SERV\u0130STE DE G\u00dcVENCE B\u0130ZDE TT Custom\u2019da yap\u0131lan her servis ve [&hellip;]<\/p>\n","protected":false},"author":1,"featured_media":0,"parent":0,"menu_order":0,"comment_status":"closed","ping_status":"closed","template":"","meta":{"footnotes":""},"class_list":["post-354","page","type-page","status-publish","hentry"],"yoast_head":"<!-- This site is optimized with the Yoast SEO Premium plugin v24.6 (Yoast SEO v24.6) - https:\/\/yoast.com\/wordpress\/plugins\/seo\/ -->\n<title>Servis ve Bak\u0131m - TT Custom Choppers<\/title>\n<meta name=\"description\" content=\"TT Custom servis &amp; bak\u0131m hizmetiyle motosikletin emin ellerde. Uzman ekip, kaliteli par\u00e7a ve titiz i\u015f\u00e7ilikle yola g\u00fcvenle devam et!\" \/>\n<meta name=\"robots\" content=\"index, follow, max-snippet:-1, max-image-preview:large, max-video-preview:-1\" \/>\n<link rel=\"canonical\" href=\"https:\/\/ttcustom.com\/?page_id=354\" \/>\n<meta property=\"og:locale\" content=\"tr_TR\" \/>\n<meta property=\"og:type\" content=\"article\" \/>\n<meta property=\"og:title\" content=\"Servis ve Bak\u0131m\" \/>\n<meta property=\"og:description\" content=\"TT Custom servis &amp; bak\u0131m hizmetiyle motosikletin emin ellerde. Uzman ekip, kaliteli par\u00e7a ve titiz i\u015f\u00e7ilikle yola g\u00fcvenle devam et!\" \/>\n<meta property=\"og:url\" content=\"https:\/\/ttcustom.com\/?page_id=354\" \/>\n<meta property=\"og:site_name\" content=\"TT Custom Choppers\" \/>\n<meta property=\"article:publisher\" content=\"https:\/\/www.facebook.com\/ttcustomturkiye\" \/>\n<meta property=\"article:modified_time\" content=\"2025-05-08T09:04:58+00:00\" \/>\n<meta property=\"og:image\" content=\"https:\/\/ttcustom.com\/wp-content\/uploads\/2025\/05\/012.png\" \/>\n\t<meta property=\"og:image:width\" content=\"1000\" \/>\n\t<meta property=\"og:image:height\" content=\"562\" \/>\n\t<meta property=\"og:image:type\" content=\"image\/png\" \/>\n<meta name=\"twitter:card\" content=\"summary_large_image\" \/>\n<meta name=\"twitter:label1\" content=\"Tahmini okuma s\u00fcresi\" \/>\n\t<meta name=\"twitter:data1\" content=\"2 dakika\" \/>\n<script type=\"application\/ld+json\" class=\"yoast-schema-graph\">{\"@context\":\"https:\/\/schema.org\",\"@graph\":[{\"@type\":\"WebPage\",\"@id\":\"https:\/\/ttcustom.com\/?page_id=354\",\"url\":\"https:\/\/ttcustom.com\/?page_id=354\",\"name\":\"Servis ve Bak\u0131m - TT Custom Choppers\",\"isPartOf\":{\"@id\":\"https:\/\/ttcustom.com\/#website\"},\"datePublished\":\"2025-02-02T17:13:31+00:00\",\"dateModified\":\"2025-05-08T09:04:58+00:00\",\"description\":\"TT Custom servis & bak\u0131m hizmetiyle motosikletin emin ellerde. Uzman ekip, kaliteli par\u00e7a ve titiz i\u015f\u00e7ilikle yola g\u00fcvenle devam et!\",\"breadcrumb\":{\"@id\":\"https:\/\/ttcustom.com\/?page_id=354#breadcrumb\"},\"inLanguage\":\"tr\",\"potentialAction\":[{\"@type\":\"ReadAction\",\"target\":[\"https:\/\/ttcustom.com\/?page_id=354\"]}]},{\"@type\":\"BreadcrumbList\",\"@id\":\"https:\/\/ttcustom.com\/?page_id=354#breadcrumb\",\"itemListElement\":[{\"@type\":\"ListItem\",\"position\":1,\"name\":\"Anasayfa\",\"item\":\"https:\/\/ttcustom.com\/\"},{\"@type\":\"ListItem\",\"position\":2,\"name\":\"Servis ve Bak\u0131m\"}]},{\"@type\":\"WebSite\",\"@id\":\"https:\/\/ttcustom.com\/#website\",\"url\":\"https:\/\/ttcustom.com\/\",\"name\":\"TT Custom, T\u00fcrkiye'nin En G\u00fcvenilir Motorsiklet Servisi, T\u00fcrkiye'de ilk Yerli \u00dcretim Motorsiklet\",\"description\":\"\",\"publisher\":{\"@id\":\"https:\/\/ttcustom.com\/#organization\"},\"potentialAction\":[{\"@type\":\"SearchAction\",\"target\":{\"@type\":\"EntryPoint\",\"urlTemplate\":\"https:\/\/ttcustom.com\/?s={search_term_string}\"},\"query-input\":{\"@type\":\"PropertyValueSpecification\",\"valueRequired\":true,\"valueName\":\"search_term_string\"}}],\"inLanguage\":\"tr\"},{\"@type\":\"Organization\",\"@id\":\"https:\/\/ttcustom.com\/#organization\",\"name\":\"TT Custom, T\u00fcrkiye'nin En G\u00fcvenilir Motorsiklet Servisi, T\u00fcrkiye'de ilk Yerli \u00dcretim Motorsiklet\",\"url\":\"https:\/\/ttcustom.com\/\",\"logo\":{\"@type\":\"ImageObject\",\"inLanguage\":\"tr\",\"@id\":\"https:\/\/ttcustom.com\/#\/schema\/logo\/image\/\",\"url\":\"https:\/\/ttcustom.com\/wp-content\/uploads\/2025\/03\/asdasdad.png\",\"contentUrl\":\"https:\/\/ttcustom.com\/wp-content\/uploads\/2025\/03\/asdasdad.png\",\"width\":1000,\"height\":1000,\"caption\":\"TT Custom, T\u00fcrkiye'nin En G\u00fcvenilir Motorsiklet Servisi, T\u00fcrkiye'de ilk Yerli \u00dcretim Motorsiklet\"},\"image\":{\"@id\":\"https:\/\/ttcustom.com\/#\/schema\/logo\/image\/\"},\"sameAs\":[\"https:\/\/www.facebook.com\/ttcustomturkiye\"],\"email\":\"info@ttmotor.com.tr\",\"telephone\":\"08508888888\",\"legalName\":\"TT Motor A.\u015e.\"}]}<\/script>\n<!-- \/ Yoast SEO Premium plugin. -->","yoast_head_json":{"title":"Servis ve Bak\u0131m - TT Custom Choppers","description":"TT Custom servis & bak\u0131m hizmetiyle motosikletin emin ellerde. Uzman ekip, kaliteli par\u00e7a ve titiz i\u015f\u00e7ilikle yola g\u00fcvenle devam et!","robots":{"index":"index","follow":"follow","max-snippet":"max-snippet:-1","max-image-preview":"max-image-preview:large","max-video-preview":"max-video-preview:-1"},"canonical":"https:\/\/ttcustom.com\/?page_id=354","og_locale":"tr_TR","og_type":"article","og_title":"Servis ve Bak\u0131m","og_description":"TT Custom servis & bak\u0131m hizmetiyle motosikletin emin ellerde. Uzman ekip, kaliteli par\u00e7a ve titiz i\u015f\u00e7ilikle yola g\u00fcvenle devam et!","og_url":"https:\/\/ttcustom.com\/?page_id=354","og_site_name":"TT Custom Choppers","article_publisher":"https:\/\/www.facebook.com\/ttcustomturkiye","article_modified_time":"2025-05-08T09:04:58+00:00","og_image":[{"width":1000,"height":562,"url":"https:\/\/ttcustom.com\/wp-content\/uploads\/2025\/05\/012.png","type":"image\/png"}],"twitter_card":"summary_large_image","twitter_misc":{"Tahmini okuma s\u00fcresi":"2 dakika"},"schema":{"@context":"https:\/\/schema.org","@graph":[{"@type":"WebPage","@id":"https:\/\/ttcustom.com\/?page_id=354","url":"https:\/\/ttcustom.com\/?page_id=354","name":"Servis ve Bak\u0131m - TT Custom Choppers","isPartOf":{"@id":"https:\/\/ttcustom.com\/#website"},"datePublished":"2025-02-02T17:13:31+00:00","dateModified":"2025-05-08T09:04:58+00:00","description":"TT Custom servis & bak\u0131m hizmetiyle motosikletin emin ellerde. Uzman ekip, kaliteli par\u00e7a ve titiz i\u015f\u00e7ilikle yola g\u00fcvenle devam et!","breadcrumb":{"@id":"https:\/\/ttcustom.com\/?page_id=354#breadcrumb"},"inLanguage":"tr","potentialAction":[{"@type":"ReadAction","target":["https:\/\/ttcustom.com\/?page_id=354"]}]},{"@type":"BreadcrumbList","@id":"https:\/\/ttcustom.com\/?page_id=354#breadcrumb","itemListElement":[{"@type":"ListItem","position":1,"name":"Anasayfa","item":"https:\/\/ttcustom.com\/"},{"@type":"ListItem","position":2,"name":"Servis ve Bak\u0131m"}]},{"@type":"WebSite","@id":"https:\/\/ttcustom.com\/#website","url":"https:\/\/ttcustom.com\/","name":"TT Custom, T\u00fcrkiye'nin En G\u00fcvenilir Motorsiklet Servisi, T\u00fcrkiye'de ilk Yerli \u00dcretim Motorsiklet","description":"","publisher":{"@id":"https:\/\/ttcustom.com\/#organization"},"potentialAction":[{"@type":"SearchAction","target":{"@type":"EntryPoint","urlTemplate":"https:\/\/ttcustom.com\/?s={search_term_string}"},"query-input":{"@type":"PropertyValueSpecification","valueRequired":true,"valueName":"search_term_string"}}],"inLanguage":"tr"},{"@type":"Organization","@id":"https:\/\/ttcustom.com\/#organization","name":"TT Custom, T\u00fcrkiye'nin En G\u00fcvenilir Motorsiklet Servisi, T\u00fcrkiye'de ilk Yerli \u00dcretim Motorsiklet","url":"https:\/\/ttcustom.com\/","logo":{"@type":"ImageObject","inLanguage":"tr","@id":"https:\/\/ttcustom.com\/#\/schema\/logo\/image\/","url":"https:\/\/ttcustom.com\/wp-content\/uploads\/2025\/03\/asdasdad.png","contentUrl":"https:\/\/ttcustom.com\/wp-content\/uploads\/2025\/03\/asdasdad.png","width":1000,"height":1000,"caption":"TT Custom, T\u00fcrkiye'nin En G\u00fcvenilir Motorsiklet Servisi, T\u00fcrkiye'de ilk Yerli \u00dcretim Motorsiklet"},"image":{"@id":"https:\/\/ttcustom.com\/#\/schema\/logo\/image\/"},"sameAs":["https:\/\/www.facebook.com\/ttcustomturkiye"],"email":"info@ttmotor.com.tr","telephone":"08508888888","legalName":"TT Motor A.\u015e."}]}},"rttpg_featured_image_url":null,"rttpg_author":{"display_name":"admin","author_link":"https:\/\/ttcustom.com\/?author=1"},"rttpg_comment":0,"rttpg_category":null,"rttpg_excerpt":"Servis ve Bak\u0131mMotosikletinizin performans\u0131n\u0131 maksimum d\u00fczeyde tutmak i\u00e7in profesyonel bak\u0131m hizmeti sunuyoruz. G\u00f6n\u00fcl Rahatl\u0131\u011f\u0131yla Yola Devam Edin TT Custom servis ve bak\u0131m hizmetleriyle motorun hep en iyi durumda.Uzman ekibimiz, \u00f6zel donan\u0131ml\u0131 ara\u00e7lar\u0131m\u0131z ve 7\/24 yol yard\u0131m deste\u011fimizle her zaman yan\u0131nday\u0131z.Yola g\u00f6n\u00fcl rahatl\u0131\u011f\u0131yla \u00e7\u0131k! Hemen Ara! SERV\u0130STE DE G\u00dcVENCE B\u0130ZDE TT Custom\u2019da yap\u0131lan her servis ve&hellip;","_links":{"self":[{"href":"https:\/\/ttcustom.com\/index.php?rest_route=\/wp\/v2\/pages\/354","targetHints":{"allow":["GET"]}}],"collection":[{"href":"https:\/\/ttcustom.com\/index.php?rest_route=\/wp\/v2\/pages"}],"about":[{"href":"https:\/\/ttcustom.com\/index.php?rest_route=\/wp\/v2\/types\/page"}],"author":[{"embeddable":true,"href":"https:\/\/ttcustom.com\/index.php?rest_route=\/wp\/v2\/users\/1"}],"replies":[{"embeddable":true,"href":"https:\/\/ttcustom.com\/index.php?rest_route=%2Fwp%2Fv2%2Fcomments&post=354"}],"version-history":[{"count":25,"href":"https:\/\/ttcustom.com\/index.php?rest_route=\/wp\/v2\/pages\/354\/revisions"}],"predecessor-version":[{"id":2317,"href":"https:\/\/ttcustom.com\/index.php?rest_route=\/wp\/v2\/pages\/354\/revisions\/2317"}],"wp:attachment":[{"href":"https:\/\/ttcustom.com\/index.php?rest_route=%2Fwp%2Fv2%2Fmedia&parent=354"}],"curies":[{"name":"wp","href":"https:\/\/api.w.org\/{rel}","templated":true}]}}